{"id":122,"date":"2021-12-02T12:37:26","date_gmt":"2021-12-02T11:37:26","guid":{"rendered":"http:\/\/cadoxa.fr\/CA271-OVH\/?page_id=122"},"modified":"2022-01-21T17:13:52","modified_gmt":"2022-01-21T16:13:52","slug":"flotte-automobile","status":"publish","type":"page","link":"https:\/\/cadoxa.fr\/index.php\/flotte-automobile\/","title":{"rendered":"Flotte automobile"},"content":{"rendered":"<p>[et_pb_section fb_built=&#8221;1&#8243; admin_label=&#8221;Hero Section&#8221; _builder_version=&#8221;3.22&#8243; custom_padding=&#8221;0|0px|0px|0px&#8221; global_colors_info=&#8221;{}&#8221;][et_pb_row column_structure=&#8221;1_2,1_2&#8243; use_custom_gutter=&#8221;on&#8221; make_equal=&#8221;on&#8221; _builder_version=&#8221;4.13.1&#8243; width=&#8221;100%&#8221; max_width=&#8221;100%&#8221; custom_padding=&#8221;0px|0|0px|&#8221; use_custom_width=&#8221;on&#8221; width_unit=&#8221;off&#8221; custom_width_percent=&#8221;100%&#8221; global_colors_info=&#8221;{}&#8221;][et_pb_column type=&#8221;1_2&#8243; _builder_version=&#8221;3.25&#8243; custom_padding=&#8221;200px|4%|200px|8%&#8221; custom_padding_tablet=&#8221;60px|10%|60px|10%&#8221; custom_padding_phone=&#8221;60px|10%|60px|10%&#8221; custom_padding_last_edited=&#8221;on|tablet&#8221; global_colors_info=&#8221;{}&#8221; padding_tablet=&#8221;60px|10%|60px|10%&#8221; padding_last_edited=&#8221;on|tablet&#8221; custom_padding__hover=&#8221;|||&#8221; padding_phone=&#8221;60px|10%|60px|10%&#8221;][et_pb_text _builder_version=&#8221;4.13.1&#8243; text_font=&#8221;Karla||||||||&#8221; text_font_size=&#8221;18px&#8221; text_line_height=&#8221;1.8em&#8221; header_font=&#8221;Cormorant Garamond||||||||&#8221; header_font_size=&#8221;56px&#8221; header_line_height=&#8221;1.4em&#8221; header_2_font=&#8221;||||||||&#8221; header_3_font=&#8221;||||||||&#8221; max_width=&#8221;600px&#8221; header_font_size_tablet=&#8221;40px&#8221; header_font_size_phone=&#8221;&#8221; header_font_size_last_edited=&#8221;on|tablet&#8221; locked=&#8221;off&#8221; global_colors_info=&#8221;{}&#8221;]<\/p>\n<h1>Flotte automobile<\/h1>\n<p>&nbsp;<\/p>\n<p class=\"p1\" style=\"text-align: justify;\">L\u2019automobile demeure bien souvent l\u2019un des points essentiels dans le bon fonctionnement de l\u2019activit\u00e9 de votre entreprise.<span class=\"Apple-converted-space\">\u00a0<\/span><\/p>\n<p class=\"p1\" style=\"text-align: justify;\">De 1 \u00e0 4 moteurs, nous vous proposons des contrats individuels. A compter du 5<span class=\"s1\"><sup>\u00e8me<\/sup><\/span> nous mettons en place un contrat flotte vous permettant de simplifier la gestion de votre parc en adaptant les garanties aux v\u00e9hicules. Nos solutions vous permettent de couvrir dans un m\u00eame contrat tous vos v\u00e9hicules\u00a0:<strong> v\u00e9hicules &lt;3.5T, v\u00e9hicules &gt;3.5T, 2 Roues, Engins, Chariots\u2026<\/strong><\/p>\n<p class=\"p1\" style=\"text-align: justify;\">Nous vous faisons toujours b\u00e9n\u00e9ficier d\u2019une couverture sur mesure pour prot\u00e9ger votre flotte automobile et vos conducteurs\u00a0:<\/p>\n<ul class=\"ul1\" style=\"text-align: justify;\">\n<li class=\"li1\"><b>La Responsabilit\u00e9 Civile Automobile<\/b> qui garanti les pr\u00e9judices et les dommages mat\u00e9riels que vous et vos conducteurs peuvent causer aux tiers et aux passagers.<\/li>\n<li class=\"li1\"><strong>Les garanties dommages<\/strong> (accident, vol, incendie, bris de glace) qui couvrent tous les dommages subis par votre v\u00e9hicule.\u00a0<\/li>\n<li class=\"li1\"><b>L\u2019assurance du conducteur <\/b>qui prend en charge les dommages corporels du conducteur et ainsi vient prot\u00e9ger vos salari\u00e9s et vous-m\u00eame.<\/li>\n<li class=\"li1\"><b>L\u2019assistance <\/b>qui assure le d\u00e9pannage, le remorquage et le gardiennage du v\u00e9hicule ainsi que l\u2019accompagnement des personnes pr\u00e9sentes.<\/li>\n<\/ul>\n<p class=\"p1\" style=\"text-align: justify;\">Nos produits vous permettent d\u2019enrichir vos garanties par une gamme compl\u00e8te d\u2019options (v\u00e9hicule de remplacement, marchandises transport\u00e9es, pannes m\u00e9caniques\u2026).<span class=\"Apple-converted-space\">\u00a0<\/span><\/p>\n<p class=\"p1\" style=\"text-align: justify;\">Enfin quel que soit votre secteur d\u2019activit\u00e9, les co\u00fbts engendr\u00e9s par votre parc automobile, peuvent \u00eatre importants.<span class=\"Apple-converted-space\">\u00a0<\/span><\/p>\n<p class=\"p1\" style=\"text-align: justify;\">C\u2019est pourquoi, <b>CADOXA Assurances<\/b> analyse avec attention les param\u00e8tres de votre parc automobile (la place strat\u00e9gique et les sp\u00e9cificit\u00e9s de vos v\u00e9hicules dans votre activit\u00e9, le nombre et le type de v\u00e9hicules, sinistralit\u00e9\u2026) et met en place des solutions sp\u00e9cifiques afin de faire baisser les co\u00fbts de gestion de votre flotte.<span class=\"Apple-converted-space\">\u00a0<\/span><\/p>\n<p>[\/et_pb_text][et_pb_button button_url=&#8221;@ET-DC@eyJkeW5hbWljIjp0cnVlLCJjb250ZW50IjoicG9zdF9saW5rX3VybF9wYWdlIiwic2V0dGluZ3MiOnsicG9zdF9pZCI6Ijg3In19@&#8221; button_text=&#8221;Nous contacter&#8221; _builder_version=&#8221;4.13.1&#8243; _dynamic_attributes=&#8221;button_url&#8221; custom_button=&#8221;on&#8221; button_text_size=&#8221;13px&#8221; button_text_color=&#8221;#ffffff&#8221; button_bg_color=&#8221;#1c92a2&#8243; button_border_width=&#8221;2px&#8221; button_border_color=&#8221;#c2ab92&#8243; button_border_radius=&#8221;0px&#8221; button_letter_spacing=&#8221;2px&#8221; button_font=&#8221;Karla|700||on|||||&#8221; background_layout=&#8221;dark&#8221; custom_padding=&#8221;10px||10px|&#8221; button_letter_spacing_hover=&#8221;2px&#8221; locked=&#8221;off&#8221; global_colors_info=&#8221;{}&#8221; button_text_size__hover_enabled=&#8221;off&#8221; button_one_text_size__hover_enabled=&#8221;off&#8221; button_two_text_size__hover_enabled=&#8221;off&#8221; button_text_color__hover_enabled=&#8221;off&#8221; button_one_text_color__hover_enabled=&#8221;off&#8221; button_two_text_color__hover_enabled=&#8221;off&#8221; button_border_width__hover_enabled=&#8221;off&#8221; button_one_border_width__hover_enabled=&#8221;off&#8221; button_two_border_width__hover_enabled=&#8221;off&#8221; button_border_color__hover_enabled=&#8221;off&#8221; button_one_border_color__hover_enabled=&#8221;off&#8221; button_two_border_color__hover_enabled=&#8221;off&#8221; button_border_radius__hover_enabled=&#8221;off&#8221; button_one_border_radius__hover_enabled=&#8221;off&#8221; button_two_border_radius__hover_enabled=&#8221;off&#8221; button_letter_spacing__hover_enabled=&#8221;on&#8221; button_letter_spacing__hover=&#8221;2px&#8221; button_one_letter_spacing__hover_enabled=&#8221;off&#8221; button_two_letter_spacing__hover_enabled=&#8221;off&#8221; button_bg_color__hover_enabled=&#8221;off&#8221; button_one_bg_color__hover_enabled=&#8221;off&#8221; button_two_bg_color__hover_enabled=&#8221;off&#8221;][\/et_pb_button][\/et_pb_column][et_pb_column type=&#8221;1_2&#8243; _builder_version=&#8221;4.13.1&#8243; background_color=&#8221;#121212&#8243; use_background_color_gradient=&#8221;on&#8221; background_color_gradient_start=&#8221;rgba(18,18,18,0.5)&#8221; background_color_gradient_end=&#8221;#121212&#8243; background_color_gradient_overlays_image=&#8221;on&#8221; background_image=&#8221;http:\/\/cadoxa.fr\/CA271-OVH\/wp-content\/uploads\/2021\/12\/shutterstock_1689668515-scaled.jpeg&#8221; custom_padding=&#8221;100px||100px|&#8221; custom_padding_tablet=&#8221;60px||60px|&#8221; custom_padding_phone=&#8221;60px||60px|&#8221; custom_padding_last_edited=&#8221;on|desktop&#8221; global_colors_info=&#8221;{}&#8221; padding_tablet=&#8221;60px||60px|&#8221; padding_last_edited=&#8221;on|desktop&#8221; custom_padding__hover=&#8221;|||&#8221; padding_phone=&#8221;60px||60px|&#8221;][et_pb_image src=&#8221;http:\/\/cadoxa.fr\/CA271-OVH\/wp-content\/uploads\/2021\/12\/shutterstock_1689668515-scaled.jpeg&#8221; title_text=&#8221;New,Cars,In,Stock.,Automotive,Industry&#8221; align_tablet=&#8221;center&#8221; align_phone=&#8221;center&#8221; align_last_edited=&#8221;on|desktop&#8221; _builder_version=&#8221;4.13.1&#8243; max_width=&#8221;600px&#8221; max_width_tablet=&#8221;&#8221; max_width_phone=&#8221;&#8221; max_width_last_edited=&#8221;on|desktop&#8221; custom_margin=&#8221;|||-8%&#8221; custom_margin_tablet=&#8221;60px|60px|60px|60px&#8221; custom_margin_phone=&#8221;&#8221; custom_margin_last_edited=&#8221;on|desktop&#8221; custom_padding=&#8221;|||&#8221; animation_style=&#8221;slide&#8221; animation_direction=&#8221;right&#8221; animation_intensity_slide=&#8221;4%&#8221; animation_starting_opacity=&#8221;50%&#8221; box_shadow_style=&#8221;preset3&#8243; box_shadow_blur=&#8221;80px&#8221; global_colors_info=&#8221;{}&#8221;][\/et_pb_image][\/et_pb_column][\/et_pb_row][\/et_pb_section]<\/p>\n","protected":false},"excerpt":{"rendered":"<p>Flotte automobile &nbsp; L\u2019automobile demeure bien souvent l\u2019un des points essentiels dans le bon fonctionnement de l\u2019activit\u00e9 de votre entreprise.\u00a0 De 1 \u00e0 4 moteurs, nous vous proposons des contrats individuels. A compter du 5\u00e8me nous mettons en place un contrat flotte vous permettant de simplifier la gestion de votre parc en adaptant les garanties [&hellip;]<\/p>\n","protected":false},"author":1,"featured_media":0,"parent":0,"menu_order":0,"comment_status":"closed","ping_status":"closed","template":"","meta":{"_et_pb_use_builder":"on","_et_pb_old_content":"","_et_gb_content_width":"","footnotes":""},"_links":{"self":[{"href":"https:\/\/cadoxa.fr\/index.php\/wp-json\/wp\/v2\/pages\/122"}],"collection":[{"href":"https:\/\/cadoxa.fr\/index.php\/wp-json\/wp\/v2\/pages"}],"about":[{"href":"https:\/\/cadoxa.fr\/index.php\/wp-json\/wp\/v2\/types\/page"}],"author":[{"embeddable":true,"href":"https:\/\/cadoxa.fr\/index.php\/wp-json\/wp\/v2\/users\/1"}],"replies":[{"embeddable":true,"href":"https:\/\/cadoxa.fr\/index.php\/wp-json\/wp\/v2\/comments?post=122"}],"version-history":[{"count":9,"href":"https:\/\/cadoxa.fr\/index.php\/wp-json\/wp\/v2\/pages\/122\/revisions"}],"predecessor-version":[{"id":358,"href":"https:\/\/cadoxa.fr\/index.php\/wp-json\/wp\/v2\/pages\/122\/revisions\/358"}],"wp:attachment":[{"href":"https:\/\/cadoxa.fr\/index.php\/wp-json\/wp\/v2\/media?parent=122"}],"curies":[{"name":"wp","href":"https:\/\/api.w.org\/{rel}","templated":true}]}}